4?
9
What is the hundreds digit of 101275?
2
What is the thousands digit of 3689?
3
What is the hundreds digit of 879?
8
What is the hundreds digit of 8311?
3
What is the thousands digit of 1027?
1
What is the tens digit of 112930?
3
What is the units digit of 1581?
1
What is the units digit of 247?
7
What is the units digit of 127?
7
What is the tens digit of 4426?
2
What is the hundreds digit of 47239?
2
What is the hundreds digit of 15328?
3
What is the ten thousands digit of 82207?
8
What is the hundreds digit of 560?
5
What is the thousands digit of 5981?
5
What is the thousands digit of 3046?
3
What is the units digit of 504?
4
What is the tens digit of 1105?
0
What is the units digit of 364?
4
What is the ten thousands digit of 36867?
3
What is the ten thousands digit of 75976?
7
What is the ten thousands digit of 13777?
1
What is the units digit of 10266?
6
What is the hundreds digit of 295?
2
What is the units digit of 45895?
5
What is the thousands digit of 26134?
6
What is the units digit of 6063?
3
What is the hundreds digit of 1653?
6
What is the thousands digit of 44006?
4
What is the tens digit of 3393?
9
What is the thousands digit of 5154?
5
What is the tens digit of 2343?
4
What is the units digit of 947?
7
What is the ten thousands digit of 13751?
1
What is the units digit of 19494?
4
What is the hundreds digit of 844?
8
What is the units digit of 4073?
3
What is the units digit of 17592?
2
What is the tens digit of 538?
3
What is the thousands digit of 3343?
3
What is the hundreds digit of 2540?
5
What is the tens digit of 3272?
7
What is the tens digit of 1478?
7
What is the units digit of 51370?
0
What is the units digit of 1290?
0
What is the thousands digit of 32221?
2
What is the tens digit of 2765?
6
What is the hundreds digit of 57189?
1
What is the hundreds digit of 324?
3
What is the thousands digit of 3057?
3
What is the ten thousands digit of 64384?
6
What is the hundred thousands digit of 164152?
1
What is the thousands digit of 3712?
3
What is the ten thousands digit of 15897?
1
What is the hundreds digit of 3792?
7
What is the thousands digit of 1944?
1
What is the units digit of 2006?
6
What is the thousands digit of 4873?
4
What is the units digit of 1964?
4
What is the tens digit of 1417?
1
What is the ten thousands digit of 29159?
2
What is the hundreds digit of 4135?
1
What is the tens digit of 53?
5
What is the thousands digit of 1401?
1
What is the hundreds digit of 1943?
9
What is the tens digit of 1429?
2
What is the thousands digit of 1550?
1
What is the thousands digit of 9749?
9
What is the units digit of 18393?
3
What is the thousands digit of 69083?
9
What is the units digit of 674?
4
What is the hundreds digit of 6138?
1
What is the units digit of 8834?
4
What is the units digit of 645?
5
What is the units digit of 6289?
9
What is the hundreds digit of 803?
8
What is the ten thousands digit of 22329?
2
What is the units digit of 713?
3
What is the thousands digit of 13156?
3
What is the units digit of 21844?
4
What is the tens digit of 601?
0
What is the thousands digit of 1040?
1
What is the hundreds digit of 41009?
0
What is the hundreds digit of 592?
5
What is the thousands digit of 10027?
0
What is the units digit of 2270?
0
What is the tens digit of 615?
1
What is the thousands digit of 26844?
6
What is the hundreds digit of 548?
5
What is the tens digit of 871?
7
What is the tens digit of 2314?
1
What is the tens digit of 107032?
3
What is the ten thousands digit of 16761?
1
What is the hundreds digit of 20892?
8
What is the hundreds digit of 39141?
1
What is the units digit of 967?
7
What is the units digit of 63067?
7
What is the tens digit of 127837?
3
What is the hundreds digit of 26268?
2
What is the units digit of 28071?
1
What is the units digit of 3788?
8
What is the tens digit of 1924?
2
What is the tens digit of 47885?
8
What is the hundreds digit of 2868?
8
What is the units digit of 2731?
1
What is the tens digit of 21974?
7
What is the tens digit of 39867?
6
What is the units digit of 22?
2
What is the units digit of 2178?
8
What is the units digit of 11560?
0
What is the units digit of 1962?
2
What is the hundreds digit of 1270?
2
What is the hundreds digit of 837?
8
What is the thousands digit of 19600?
9
What is the tens digit of 920?
2
What is the hundreds digit of 358?
3
What is the thousands digit of 9978?
9
What is the thousands digit of 1662?
1
What is the units digit of 1942?
2
What is the hundreds digit of 834?
8
What is the thousands digit of 15535?
5
What is the units digit of 49711?
1
What is the hundreds digit of 3818?
8
What is the units digit of 11731?
1
What is the tens digit of 25?
2
What is the ten thousands digit of 83072?
8
What is the thousands digit of 22709?
2
What is the units digit of 14847?
7
What is the units digit of 2525?
5
What is the tens digit of 108041?
4
What is the tens digit of 9121?
2
What is the thousands digit of 2344?
2
What is the thousands digit of 2506?
2
What is the units digit of 12864?
4
What is the tens digit of 724?
2
What is the tens digit of 304?
0
What is the tens digit of 3336?
3
What is the tens digit of 1460?
6
What is the hundreds digit of 4945?
9
What is the units digit of 16917?
7
What is the tens digit of 4495?
9
What is the units digit of 6944?
4
What is the units digit of 5904?
4
What is the tens digit of 1420?
2
What is the units digit of 5306?
6
What is the tens digit of 9679?
7
What is the tens digit of 11510?
1
What is the units digit of 396?
6
What is the ten thousands digit of 41190?
4
What is the ten thousands digit of 15616?
1
What is the tens digit of 1976?
7
What is the ten thousands digit of 13161?
1
What is the units digit of 428?
8
What is the hundreds digit of 96921?
9
What is the units digit of 88708?
8
What is the units digit of 7333?
3
What is the tens digit of 2334?
3
What is the units digit of 5199?
9
What is the units digit of 556?
6
What is the units digit of 2489?
9
What is the tens digit of 671?
7
What is the hundreds digit of 2322?
3
What is the thousands digit of 37176?
7
What is the units digit of 1188?
8
What is the units digit of 918?
8
What is the thousands digit of 8523?
8
What is the tens digit of 23765?
6
What is the units digit of 32807?
7
What is the units digit of 42598?
8
What is the hundreds digit of 591?
5
What is the ten thousands digit of 109427?
0
What is the tens digit of 54188?
8
What is the thousands digit of 6262?
6
What is the thousands digit of 3200?
3
What is the units digit of 3669?
9
What is the tens digit of 21?
2
What is the ten thousands digit of 68058?
6
What is the tens digit of 427?
2
What is the units digit of 9704?
4
What is the tens digit of 1165?
6
What is the units digit of 5165?
5
What is the thousands digit of 3680?
3
What is the tens digit of 45434?
3
What is the hundreds digit of 947?
9
What is the thousands digit of 18451?
8
What is the units digit of 50489?
9
What is the units digit of 7650?
0
What is the hundreds digit of 114074?
0
What is the thousands digit of 50404?
0
What is the tens digit of 270?
7
What is the hundreds digit of 1237?
2
What is the hundreds digit of 49999?
9
What is the hundreds digit of 45401?
4
What is the tens digit of 7946?
4
What is the tens digit of 48374?
7
What is the tens digit of 2462?
6
What is the hundreds digit of 263?
2
What is the hundreds digit of 11108?
1
What is the tens digit of 271?
7
What is the ten thousands digit of 12117?
1
What is the hundreds digit of 1655?
6
What is the hundreds digit of 1254?
2
What is the hundreds digit of 5086?
0
What is the hundreds digit of 3606?
6
What is the units digit of 579?
9
What is the thousands digit of 8285?
8
What is the hundreds digit of 465?
4
What is the units digit of 4396?
6
What is the tens digit of 603?
0
What is the tens digit of 1770?
7
What is the tens digit of 2432?
3
What is the thousands digit of 16970?
6
What is the tens digit of 1108?
0
What is the hundreds digit of 989?
9
What is the hundreds digit of 9645?
6
What is the tens digit of 43390?
9
What is the thousands digit of 6678?
6
What is the thousands digit of 7321?
7
What is the tens digit of 605?
0
What is the units digit of 19645?
5
What is the tens digit of 782?
8
What is the hundreds digit of 